f = 26. Suppose -55 = -y*d - 2*d. Calculate the greatest common factor of d and 44.
11
Let p(j) = -2*j - 17. Let v be p(-11). What is the highest common factor of 15 and v?
5
Let w(m) = -m**3 + 16*m**2 - 13*m + 15. Let b be w(15). Calculate the highest common factor of b and 5.
5
Let i be (66/5)/(9/30). Let d = i + -8. Calculate the greatest common factor of d and 24.
12
Let t = 0 - 58. Let x = t + 108. Suppose m = -2*m + 30. Calculate the highest common factor of m and x.
10
Suppose 5*w + 5*n = 150, -5*w - 2*n + 132 = -3*n. Calculate the greatest common divisor of 18 and w.
9
Let u(j) = j**3 - 5*j**2 + 6*j - 2. Let z = 10 - 6. Let q be u(z). Let t = 8 - q. What is the greatest common divisor of t and 14?
2
Let x be 1143/18 - (1 + (-3)/6). Calculate the highest common factor of 9 and x.
9
Let q(a) = 18 + a**2 - 3 - 9*a - 4. Let h be q(-9). Let v = h + -103. Calculate the highest common divisor of 14 and v.
14
Let a be (-3)/(12/(-16)) - -13. Calculate the highest common factor of 17 and a.
17
Suppose -19*p + 714 = -13*p. Calculate the highest common divisor of p and 17.
17
Suppose 3*o + 2 = -o + 5*j, 14 = 3*o + 4*j. What is the greatest common divisor of o and 18?
2
Suppose 2*a + 2*i - 38 = 0, -a + 45 = 2*a - i. What is the highest common factor of 24 and a?
8
Let x be 2/(-9) + 88/(-9). Let p be (24/x)/((-1)/40). Calculate the highest common factor of 12 and p.
12
Let c = -20 - -23. Calculate the greatest common divisor of c and 24.
3
Let j(o) = 16*o - 3. Let p be j(3). What is the highest common divisor of p and 18?
9
Let j = 23 - 15. Calculate the highest common divisor of j and 4.
4
Suppose -6*p + 3*p = 0. Suppose b + 2*b - 480 = p. Calculate the highest common factor of b and 64.
32
Suppose 4*p + p - 100 = 0. What is the greatest common divisor of p and 50?
10
Suppose -146 = -4*t + 14. Suppose 7*q + 145 = 2*q. Let o = q + t. Calculate the greatest common divisor of 55 and o.
11
Let q(f) = -f - 2. Let u be q(-6). Suppose u*l = -l + 140. Suppose 0 = 5*h, -4*x + 0*h = -h - 28. Calculate the highest common divisor of l and x.
7
Let k be (1 - 23)/((-22)/55). Let y = 3 - 7. Let p be 6/y*(-44)/3. What is the highest common factor of k and p?
11
Let w = 219 + -133. What is the greatest common divisor of 215 and w?
43
Let i be 3 - (-5 - (-1 + -1)). Calculate the highest common divisor of 2 and i.
2
Let a = 129 + 25. What is the greatest common divisor of 14 and a?
14
Let u(s) = s + 3. Let n be u(4). Suppose 5*f + 364 = 18*f. What is the greatest common divisor of n and f?
7
Let w(p) = -91*p**3 + p + 2. Let a be w(-1). Calculate the greatest common factor of 23 and a.
23
Let g = 34 - 22. What is the greatest common divisor of g and 30?
6
Suppose 0 = -l - l + 6, b - 12 = -2*l. Suppose 2*y - 3 - 3 = 0. Suppose -c = -y*u + 36, 0 = -0*u + 3*u + 4*c - 36. What is the highest common factor of b and u?
6
Suppose 17*p - 18*p + 21 = 0. What is the greatest common divisor of p and 84?
21
Suppose -4*q - r + 104 = r, 2*q - 3*r = 60. Calculate the greatest common factor of q and 18.
9
Let b = 38 + -36. Calculate the greatest common divisor of 2 and b.
2
Let m(f) be the third derivative of -f**6/120 - 4*f**5/15 - 2*f**4/3 - 7*f**3/3 - 7*f**2. Let v be m(-15). Calculate the greatest common factor of 7 and v.
1
Suppose -120 = -3*q - 0*q. Calculate the highest common divisor of 4 and q.
4
Let y = 8 - 14. Let t(n) = -2*n - 7. Let z be t(y). Suppose -3*o = -0*o - 15. Calculate the highest common divisor of o and z.
5
Suppose p - 3*p = 6. Let d = p - -7. Suppose -2 = -d*r + 14. Calculate the highest common divisor of r and 36.
4
Let h be 5/3*3 - 3. Suppose -2*a + 152 = m + 2*m, 148 = h*a + 2*m. What is the greatest common divisor of a and 28?
14
Suppose -22 = -5*k - h + 3, 3*h = -15. Calculate the highest common factor of 3 and k.
3
Let n(o) = -3*o + 10. Let x be n(6). Let d be (2/(-3))/(x/120). Suppose 0 = t + 5*j - 35, -5*j - 15 + 60 = 2*t. What is the highest common factor of t and d?
10
Let w be 10/((-3 - -6) + -1). Suppose w*q + 450 = 5*n, 3*n + 89 = 4*n - 2*q. Calculate the greatest common factor of 13 and n.
13
Let q be (159/4)/(8/32). Let u = -111 + q. What is the highest common factor of u and 32?
16
Suppose 3*a + y = -9 - 0, 2*y + 14 = -5*a. Let u = a + 6. Suppose 0*i = -u*i + 64. Calculate the highest common factor of i and 48.
16
Let k(z) = -8*z - 15*z - 2 - 1. Let q be k(-3). Calculate the greatest common divisor of 6 and q.
6
Let h(f) = -180*f**3 - f**2 - 2*f. Let m be h(-2). Suppose l = -2*l + m. Suppose -3*x - x + l = 0. Calculate the highest common factor of 15 and x.
15
Let l(t) = -11*t**3 - t**2 + t - 2. Let x be l(-2). Suppose r = -5*n - 0*r + 162, 4*n = -5*r + 138. What is the highest common divisor of x and n?
16
Let g(f) = 136*f**2 + 2*f + 4 - f + 0*f - 3. Let b be g(-1). Calculate the highest common divisor of 17 and b.
17
Let o = 3 + 25. Suppose -5*k + 24 + o = -4*a, 2*k + a = 13. Calculate the highest common factor of k and 2.
2
Suppose 0 = -6*x + 2*x + 8. Let j = -256 + 274. Calculate the greatest common divisor of x and j.
2
Let b be ((-18)/12)/((-3)/32). Calculate the highest common divisor of b and 136.
8
Let m = 99 + -46. Suppose -m = -4*p + 11. Suppose -k + 4 = 2*f, -3*f - 20 + 4 = -4*k. Calculate the greatest common divisor of p and k.
4
Let b be (-8)/28 + 27/21. Calculate the greatest common divisor of 7 and b.
1
Let h(l) = 2*l + 42. Let t be h(-16). What is the highest common divisor of t and 130?
10
Let u be (1 + -1*6)*-1. Suppose 0 = d + u*a - 23, 2*d + a - 2 = 2*a. Suppose 13 + 20 = l. What is the greatest common divisor of l and d?
3
Let w(l) = -5*l + 2. Let h be w(-2). Calculate the greatest common factor of 36 and h.
12
Let k = -10 + 12. Suppose l + k*l + 12 = f, 2*f + 2*l - 32 = 0. Calculate the greatest common factor of f and 45.
15
Let g be -1 + 7 + (-1)/1. Calculate the highest common factor of 55 and g.
5
Let g be (-4)/((45/(-20))/9). What is the greatest common divisor of 1 and g?
1
Let m(h) = -h**2 + 14*h - 4. Let t be m(11). Suppose -2*l + 5*g = -t, -2*l + 4*g = -6*l - 12. What is the highest common factor of 3 and l?
1
Let p(n) be the first derivative of -n**2/2 + 16*n - 3. Let z be p(0). What is the greatest common divisor of 80 and z?
16
Suppose 10 = 2*g, -k + 3*k - 5*g = -1. What is the greatest common factor of 96 and k?
12
Suppose -16*q + 18*q - 18 = 0. What is the highest common divisor of 3 and q?
3
Let c(n) = 1 - 53*n**2 - 4*n + 54*n**2 + 4*n. Let o = 0 + 2. Let z be c(o). Calculate the greatest common divisor of z and 40.
5
Suppose -15 = 3*f, -3*l = -2*f + 372 + 89. Let k = 245 + l. Let u be (-4)/(-6) + (-22)/(-3). What is the highest common factor of k and u?
8
Let d(h) = -20*h**3 - 3*h**2 - 3*h. Let x = -12 - -18. Let r = x - 8. Let s be d(r). What is the highest common factor of 14 and s?
14
Let g be (-28)/147*-24 + (-3)/(-7). Suppose b - 18 = -2*u, -2*b + 6*u - 2*u + 4 = 0. What is the greatest common divisor of g and b?
5
Let n(k) = -k**2 + 17*k - 1. Let g be n(15). Let d be ((2 - 2) + 1)*-18. Let s = d + g. Calculate the highest common divisor of s and 121.
11
Let u be ((31*2)/(-2))/(-1). Suppose -159 + u = -4*a. Let d(c) = 27*c - 11. Let x be d(1). Calculate the greatest common divisor of a and x.
16
Let q(y) = -5*y + 4*y + y**3 - 5 - 2*y - 2*y + 4*y**2. Let v be q(-4). Let d be 1446/24 - 2/8. What is the greatest common divisor of d and v?
15
Suppose -8 = -3*g - 2. Let j be (4*12 - -1) + g. Suppose 3*c + 39 = 3*d, 3*c + 5 = d - 0*c. What is the greatest common divisor of d and j?
17
Let n(o) = 6*o**2 + o - 4. Let i be n(2). Calculate the highest common divisor of i and 33.
11
Let l(w) = w**2 + 8. Let p be l(0). Suppose 0 = -2*f - 2*f + 4*k + 16, 12 = f - 3*k. Suppose f*g - 4*g = -32. What is the greatest common factor of p and g?
8
Let l(y) = -3*y + 26. Let z be l(0). What is the highest common divisor of z and 52?
26
Let a be 4*(0 - 3/(-6)). What is the greatest common factor of 8 and a?
2
Let y(b) = b**2 - 2*b + 2. Suppose 8 = p + 3*p. Let l be y(p). What is the highest common factor of l and 4?
2
Suppose -5*y + 12 + 3 = 0. Suppose g - 2*m - m + 12 = 0, -y*g + 5*m = 16. Suppose -4*f + 8 = -g*f. What is the highest common factor of 2 and f?
2
Suppose -w = -4*x - 3*w - 6, 2*x + 5*w = 9. Let f = x - 